{"id":615,"date":"2020-11-22T16:14:30","date_gmt":"2020-11-22T15:14:30","guid":{"rendered":"https:\/\/aikinokawa.nl\/?page_id=615"},"modified":"2024-06-04T13:09:46","modified_gmt":"2024-06-04T12:09:46","slug":"trainingstijden","status":"publish","type":"page","link":"https:\/\/aikinokawa.nl\/index.php\/trainingstijden\/","title":{"rendered":"Trainingstijden Katori Shinto Ryu Haarlem"},"content":{"rendered":"\n<p><strong><br>Vrijdag :  20.30 &#8211; 22.00u<\/strong><br><strong>Zondag:  12.30 &#8211; 14.00u<\/strong><br>In de gymzaal van de Bos&amp;Vaartschool,<br>Florapark nr. 14<\/p>\n\n\n\n<p>We trainen als studiegroep met Bart Brolsma en Huib van Wersch van Aikidojo Amsterdam.<br>Aangeraden wordt met enige regelmaat \u00e9\u00e9n van de dojo&#8217;s te bezoeken waar een leraar (Menkyo) lesgeeft die in Japan hiervoor be\u00ebdigd is.<\/p>\n\n\n\n<p><a href=\"https:\/\/aikinokawa.nl\/index.php\/katori-shinto-ryu\/\">Lees meer&#8230;<\/a><br><\/p>\n\n\n\n<p><\/p>\n\n\n\n<p>Meetrainen in Amsterdam :<\/p>\n\n\n\n<p><em><strong>Aikidojo<\/strong><br>Amstelkade 13  &#8211;  1078 AB <br>olv. Marcel Breedveld, Menkyo<br>Woensdag: 20.00 &#8211; 21.30<br>Zondag:         11.00 &#8211; 13.00<br><br><\/em><br><\/p>\n","protected":false},"excerpt":{"rendered":"<p>Vrijdag : 20.30 &#8211; 22.00uZondag: 12.30 &#8211; 14.00uIn de gymzaal van de Bos&amp;Vaartschool,Florapark nr. 14 We trainen als studiegroep met Bart Brolsma en Huib van Wersch van Aikidojo Amsterdam.Aangeraden wordt met enige regelmaat \u00e9\u00e9n van de dojo&#8217;s te bezoeken waar een leraar (Menkyo) lesgeeft die in Japan hiervoor be\u00ebdigd is. Lees meer&#8230; Meetrainen in Amsterdam &hellip; <\/p>\n<p class=\"link-more\"><a href=\"https:\/\/aikinokawa.nl\/index.php\/trainingstijden\/\" class=\"more-link\">Read more<span class=\"screen-reader-text\"> &#8220;Trainingstijden Katori Shinto Ryu Haarlem&#8221;<\/span><\/a><\/p>\n","protected":false},"author":3,"featured_media":477,"parent":0,"menu_order":0,"comment_status":"closed","ping_status":"closed","template":"","meta":{"footnotes":""},"class_list":["post-615","page","type-page","status-publish","has-post-thumbnail","hentry"],"yoast_head":"<!-- This site is optimized with the Yoast SEO plugin v26.5 - https:\/\/yoast.com\/wordpress\/plugins\/seo\/ -->\n<title>Trainingstijden Katori Shinto Ryu Haarlem | Aikinokawa<\/title>\n<meta name=\"description\" content=\"Vrij. 20.30 - 22.00 en Zo. 12.30 - 14.00 oefenen we de kata&#039;s voor geharnaste strijd met zwaard, bo en naginata.\" \/>\n<meta name=\"robots\" content=\"index, follow, max-snippet:-1, max-image-preview:large, max-video-preview:-1\" \/>\n<link rel=\"canonical\" href=\"https:\/\/aikinokawa.nl\/index.php\/trainingstijden\/\" \/>\n<meta property=\"og:locale\" content=\"en_US\" \/>\n<meta property=\"og:type\" content=\"article\" \/>\n<meta property=\"og:title\" content=\"Trainingstijden Katori Shinto Ryu Haarlem | Aikinokawa\" \/>\n<meta property=\"og:description\" content=\"Vrij. 20.30 - 22.00 en Zo. 12.30 - 14.00 oefenen we de kata&#039;s voor geharnaste strijd met zwaard, bo en naginata.\" \/>\n<meta property=\"og:url\" content=\"https:\/\/aikinokawa.nl\/index.php\/trainingstijden\/\" \/>\n<meta property=\"og:site_name\" content=\"Aikinokawa\" \/>\n<meta property=\"article:modified_time\" content=\"2024-06-04T12:09:46+00:00\" \/>\n<meta property=\"og:image\" content=\"https:\/\/aikinokawa.nl\/wp-content\/uploads\/2020\/02\/Johanneke_ksr_a.jpg\" \/>\n\t<meta property=\"og:image:width\" content=\"1276\" \/>\n\t<meta property=\"og:image:height\" content=\"822\" \/>\n\t<meta property=\"og:image:type\" content=\"image\/jpeg\" \/>\n<meta name=\"twitter:card\" content=\"summary_large_image\" \/>\n<meta name=\"twitter:label1\" content=\"Est. reading time\" \/>\n\t<meta name=\"twitter:data1\" content=\"1 minute\" \/>\n<script type=\"application\/ld+json\" class=\"yoast-schema-graph\">{\"@context\":\"https:\/\/schema.org\",\"@graph\":[{\"@type\":\"WebPage\",\"@id\":\"https:\/\/aikinokawa.nl\/index.php\/trainingstijden\/\",\"url\":\"https:\/\/aikinokawa.nl\/index.php\/trainingstijden\/\",\"name\":\"Trainingstijden Katori Shinto Ryu Haarlem | Aikinokawa\",\"isPartOf\":{\"@id\":\"https:\/\/aikinokawa.nl\/#website\"},\"primaryImageOfPage\":{\"@id\":\"https:\/\/aikinokawa.nl\/index.php\/trainingstijden\/#primaryimage\"},\"image\":{\"@id\":\"https:\/\/aikinokawa.nl\/index.php\/trainingstijden\/#primaryimage\"},\"thumbnailUrl\":\"https:\/\/aikinokawa.nl\/wp-content\/uploads\/2020\/02\/Johanneke_ksr_a.jpg\",\"datePublished\":\"2020-11-22T15:14:30+00:00\",\"dateModified\":\"2024-06-04T12:09:46+00:00\",\"description\":\"Vrij. 20.30 - 22.00 en Zo. 12.30 - 14.00 oefenen we de kata's voor geharnaste strijd met zwaard, bo en naginata.\",\"breadcrumb\":{\"@id\":\"https:\/\/aikinokawa.nl\/index.php\/trainingstijden\/#breadcrumb\"},\"inLanguage\":\"en-US\",\"potentialAction\":[{\"@type\":\"ReadAction\",\"target\":[\"https:\/\/aikinokawa.nl\/index.php\/trainingstijden\/\"]}]},{\"@type\":\"ImageObject\",\"inLanguage\":\"en-US\",\"@id\":\"https:\/\/aikinokawa.nl\/index.php\/trainingstijden\/#primaryimage\",\"url\":\"https:\/\/aikinokawa.nl\/wp-content\/uploads\/2020\/02\/Johanneke_ksr_a.jpg\",\"contentUrl\":\"https:\/\/aikinokawa.nl\/wp-content\/uploads\/2020\/02\/Johanneke_ksr_a.jpg\",\"width\":1276,\"height\":822},{\"@type\":\"BreadcrumbList\",\"@id\":\"https:\/\/aikinokawa.nl\/index.php\/trainingstijden\/#breadcrumb\",\"itemListElement\":[{\"@type\":\"ListItem\",\"position\":1,\"name\":\"Home\",\"item\":\"https:\/\/aikinokawa.nl\/\"},{\"@type\":\"ListItem\",\"position\":2,\"name\":\"Trainingstijden Katori Shinto Ryu Haarlem\"}]},{\"@type\":\"WebSite\",\"@id\":\"https:\/\/aikinokawa.nl\/#website\",\"url\":\"https:\/\/aikinokawa.nl\/\",\"name\":\"Aikinokawa\",\"description\":\"D\u00e9 Aikidovereniging van Haarlem, Heemstede, Hoofddorp en omstreken!\",\"potentialAction\":[{\"@type\":\"SearchAction\",\"target\":{\"@type\":\"EntryPoint\",\"urlTemplate\":\"https:\/\/aikinokawa.nl\/?s={search_term_string}\"},\"query-input\":{\"@type\":\"PropertyValueSpecification\",\"valueRequired\":true,\"valueName\":\"search_term_string\"}}],\"inLanguage\":\"en-US\"}]}<\/script>\n<!-- \/ Yoast SEO plugin. -->","yoast_head_json":{"title":"Trainingstijden Katori Shinto Ryu Haarlem | Aikinokawa","description":"Vrij. 20.30 - 22.00 en Zo. 12.30 - 14.00 oefenen we de kata's voor geharnaste strijd met zwaard, bo en naginata.","robots":{"index":"index","follow":"follow","max-snippet":"max-snippet:-1","max-image-preview":"max-image-preview:large","max-video-preview":"max-video-preview:-1"},"canonical":"https:\/\/aikinokawa.nl\/index.php\/trainingstijden\/","og_locale":"en_US","og_type":"article","og_title":"Trainingstijden Katori Shinto Ryu Haarlem | Aikinokawa","og_description":"Vrij. 20.30 - 22.00 en Zo. 12.30 - 14.00 oefenen we de kata's voor geharnaste strijd met zwaard, bo en naginata.","og_url":"https:\/\/aikinokawa.nl\/index.php\/trainingstijden\/","og_site_name":"Aikinokawa","article_modified_time":"2024-06-04T12:09:46+00:00","og_image":[{"width":1276,"height":822,"url":"https:\/\/aikinokawa.nl\/wp-content\/uploads\/2020\/02\/Johanneke_ksr_a.jpg","type":"image\/jpeg"}],"twitter_card":"summary_large_image","twitter_misc":{"Est. reading time":"1 minute"},"schema":{"@context":"https:\/\/schema.org","@graph":[{"@type":"WebPage","@id":"https:\/\/aikinokawa.nl\/index.php\/trainingstijden\/","url":"https:\/\/aikinokawa.nl\/index.php\/trainingstijden\/","name":"Trainingstijden Katori Shinto Ryu Haarlem | Aikinokawa","isPartOf":{"@id":"https:\/\/aikinokawa.nl\/#website"},"primaryImageOfPage":{"@id":"https:\/\/aikinokawa.nl\/index.php\/trainingstijden\/#primaryimage"},"image":{"@id":"https:\/\/aikinokawa.nl\/index.php\/trainingstijden\/#primaryimage"},"thumbnailUrl":"https:\/\/aikinokawa.nl\/wp-content\/uploads\/2020\/02\/Johanneke_ksr_a.jpg","datePublished":"2020-11-22T15:14:30+00:00","dateModified":"2024-06-04T12:09:46+00:00","description":"Vrij. 20.30 - 22.00 en Zo. 12.30 - 14.00 oefenen we de kata's voor geharnaste strijd met zwaard, bo en naginata.","breadcrumb":{"@id":"https:\/\/aikinokawa.nl\/index.php\/trainingstijden\/#breadcrumb"},"inLanguage":"en-US","potentialAction":[{"@type":"ReadAction","target":["https:\/\/aikinokawa.nl\/index.php\/trainingstijden\/"]}]},{"@type":"ImageObject","inLanguage":"en-US","@id":"https:\/\/aikinokawa.nl\/index.php\/trainingstijden\/#primaryimage","url":"https:\/\/aikinokawa.nl\/wp-content\/uploads\/2020\/02\/Johanneke_ksr_a.jpg","contentUrl":"https:\/\/aikinokawa.nl\/wp-content\/uploads\/2020\/02\/Johanneke_ksr_a.jpg","width":1276,"height":822},{"@type":"BreadcrumbList","@id":"https:\/\/aikinokawa.nl\/index.php\/trainingstijden\/#breadcrumb","itemListElement":[{"@type":"ListItem","position":1,"name":"Home","item":"https:\/\/aikinokawa.nl\/"},{"@type":"ListItem","position":2,"name":"Trainingstijden Katori Shinto Ryu Haarlem"}]},{"@type":"WebSite","@id":"https:\/\/aikinokawa.nl\/#website","url":"https:\/\/aikinokawa.nl\/","name":"Aikinokawa","description":"D\u00e9 Aikidovereniging van Haarlem, Heemstede, Hoofddorp en omstreken!","potentialAction":[{"@type":"SearchAction","target":{"@type":"EntryPoint","urlTemplate":"https:\/\/aikinokawa.nl\/?s={search_term_string}"},"query-input":{"@type":"PropertyValueSpecification","valueRequired":true,"valueName":"search_term_string"}}],"inLanguage":"en-US"}]}},"_links":{"self":[{"href":"https:\/\/aikinokawa.nl\/index.php\/wp-json\/wp\/v2\/pages\/615","targetHints":{"allow":["GET"]}}],"collection":[{"href":"https:\/\/aikinokawa.nl\/index.php\/wp-json\/wp\/v2\/pages"}],"about":[{"href":"https:\/\/aikinokawa.nl\/index.php\/wp-json\/wp\/v2\/types\/page"}],"author":[{"embeddable":true,"href":"https:\/\/aikinokawa.nl\/index.php\/wp-json\/wp\/v2\/users\/3"}],"replies":[{"embeddable":true,"href":"https:\/\/aikinokawa.nl\/index.php\/wp-json\/wp\/v2\/comments?post=615"}],"version-history":[{"count":23,"href":"https:\/\/aikinokawa.nl\/index.php\/wp-json\/wp\/v2\/pages\/615\/revisions"}],"predecessor-version":[{"id":1054,"href":"https:\/\/aikinokawa.nl\/index.php\/wp-json\/wp\/v2\/pages\/615\/revisions\/1054"}],"wp:featuredmedia":[{"embeddable":true,"href":"https:\/\/aikinokawa.nl\/index.php\/wp-json\/wp\/v2\/media\/477"}],"wp:attachment":[{"href":"https:\/\/aikinokawa.nl\/index.php\/wp-json\/wp\/v2\/media?parent=615"}],"curies":[{"name":"wp","href":"https:\/\/api.w.org\/{rel}","templated":true}]}}